. Is (0 + -3 + 4)*o a prime number?
False
Let o be (-1 - -1)/(3 - 2). Let c be o + (-3 - -5)/(0 - -1). Suppose 4*x - 65 = -j - 16, 0 = -c*j + 2*x + 118. Is j composite?
True
Suppose -c = -w + 89861, 20*w = 15*w - 5*c + 449365. Is w a prime number?
True
Let g = 258 + -258. Suppose u + 5*x - 42148 = -2*u, 5*x + 5 = g. Is u a prime number?
True
Suppose -34 - 6 = 4*z. Let v be (62/z + 2)*965. Let f = v + 6164. Is f a prime number?
True
Let z = 17121 - 7106. Suppose k + 2*t - z = 0, -5*k - t = -5*t - 50019. Is k prime?
True
Let a(z) = -803*z**2 - 13*z + 5. Let u be a(5). Is (-4 - -8 - u) + 4 a composite number?
False
Let g = -331 + 336. Suppose 0 = -4*i + 20, -g*i + 642 = p - 3792. Is p a composite number?
False
Let a(p) = 1172*p**2 + 50*p + 25. Is a(-12) a prime number?
True
Suppose 43*y = -29*y + 75*y - 4324041. Is y prime?
False
Let f be (7 - 3)*3/6. Suppose -5*l = f*c - 45528, -16*c = -21*c + 5*l + 113855. Is c a prime number?
True
Suppose 5*p - p = -3*b - 218, -3*b = 3*p + 219. Let g = 67 + b. Is -1 + ((-85)/3)/(g/378) prime?
False
Let q be ((-1608)/9)/(-6*8/11016). Is (-1)/1*(9 + q/(-9)) a prime number?
True
Let w(g) = 2*g**3 + 10*g**2 + 6*g + 1. Let r be w(-4). Let k(h) = -r - h**2 + 20*h + h**2 + h**2 - 2*h**3 - 13*h. Is k(-6) a composite number?
True
Let m = 50487 - -16010. Is m a composite number?
True
Let c = 109139 + -46026. Is c prime?
True
Suppose n + n + 5996 = 4*m, 3*m - 4492 = 4*n. Let c = 5135 - m. Is c prime?
False
Suppose 124*i - 1202894 = -23*i + 13454035. Is i composite?
False
Let w = -587746 - -3120141. Is w prime?
False
Let i(b) = 23259*b**2 - b + 1. Let j be i(2). Suppose 2*u + j = 25*u. Is u a prime number?
False
Let j = 1556 + -3064. Let l = j - -2415. Is l a prime number?
True
Suppose -6*j - 18 = -8*j. Suppose m - j = -4*r + 2*r, 5*r = -2*m + 20. Suppose 0 = 3*l + 9, -r*s + 5*s + 3*l - 372 = 0. Is s composite?
False
Suppose -3 - 6 = -3*h. Suppose 4*c + 3*w - 15560 = -w, c + h*w = 3886. Suppose 0 = 7*n - c - 777. Is n a prime number?
False
Let z(x) = -x**2 + 6*x - 7. Let c be z(3). Suppose 3*n - o - 10 = n, -4 = c*o. Suppose 2*r - 4*k = -78 + 284, 5*k = -n*r + 373. Is r composite?
False
Let z(j) be the second derivative of j**6/30 + j**5/15 - j**4/24 - 4*j**3/3 + 5*j**2/2 + 10*j. Let d(a) be the first derivative of z(a). Is d(3) a prime number?
False
Suppose p - 1338 = -3*k + 2*p, 3*k - 5*p - 1326 = 0. Suppose -3*v + 966 + k = 0. Suppose -3*t + 0*x + 1431 = 3*x, t - v = -4*x. Is t composite?
False
Suppose 4*x = 3*u + 6*x - 27593, -27589 = -3*u + 2*x. Is u a prime number?
False
Suppose 2*h = -2*b - h + 22, -b - 5*h + 25 = 0. Suppose 4*j + 2182 - 44703 = -b*a, -j - 42501 = -5*a. Is a a prime number?
True
Is 4/14 - 6/((-210)/5161475) a composite number?
True
Let f = -451 + 452. Let m(u) = 2231*u**2 + 2*u - 4. Is m(f) a prime number?
False
Suppose 4*t - 22*x = -27*x + 1465150, 5*t + 5*x - 1831445 = 0. Is t prime?
False
Is (-3 - (-5044756)/36) + (-54)/486 composite?
True
Let c be (64260 - -3) + 0 - (-9 + 9). Suppose -9*r + c = 4908. Is r a composite number?
True
Let b(z) = 2*z**2 - 8*z - 9. Let m = -3 - -8. Let g be b(m). Is (1684/8)/(g/14) composite?
True
Let b(h) = -h**3 - 34*h**2 + 35*h + 68. Let k(c) = -c**3 - 34*c**2 + 34*c + 69. Let t(o) = -4*b(o) + 3*k(o). Is t(-28) a composite number?
True
Let m = 216 - 221. Is -5 + 809 - (0 + m) composite?
False
Suppose 0 = -73*u + 76*u - 4*y - 124151, -124141 = -3*u - y. Is u a prime number?
True
Suppose -4*x = 2*y + 30, 0 = 3*y + x + 11 + 24. Is (-4571)/(-2) - ((-99)/18)/y a prime number?
False
Suppose -1386735 = -5*v - r - 370341, 0 = 2*r + 2. Is v composite?
False
Let q(w) = 4*w + 34. Let p be q(-10). Let u = p + 9. Suppose -u*z - 80 = -r + 56, 4*r - 489 = z. Is r a composite number?
True
Let z(y) = -3*y**3 - 4*y**2 + 5*y - 13. Suppose -2*x - 4*i = 3*x + 38, -5*x - 62 = -4*i. Is z(x) a prime number?
False
Is 9525/3 + -14 + (-6)/3 + 2 a composite number?
True
Let x be 147/6*-234 - 4. Let i = x - -3150. Is i/(-3) + (-1 - 5/(-3)) composite?
False
Let u be (-336)/9 + ((-40)/6)/4. Is 13/u - (-2 + (-42874)/3) a composite number?
False
Suppose -356906 = -2*z + 4*s, -5*s + 23834 - 916064 = -5*z. Is z prime?
True
Suppose 0 = 4*c + 4*l - 50647 - 179369, l - 287516 = -5*c. Is c a composite number?
False
Suppose 4*u = 3*k + 101704, -4*u - k = -151720 + 50016. Is u a composite number?
True
Let o be 27/9 - -10631*1. Let l = -6533 + o. Is l a composite number?
True
Let v(j) = -127359*j - 20. Is v(-1) composite?
True
Let u = 161 - 148. Suppose -u*z = -17*z + 5912. Suppose 0*f = 3*f + 3, f + z = b. Is b a prime number?
False
Let y be 2*(1350/12 - -22). Suppose -5*o = 13822 + 3038. Let r = y - o. Is r a composite number?
True
Is (1121759*28/56)/((3/(-2))/(-3)) composite?
True
Suppose -i + 459 + 2373 = 0. Suppose v + 3*v + u - i = 0, -4*v + 2852 = -4*u. Is v a composite number?
False
Suppose -2*z - 8 = 0, -t - 8 = t + 3*z. Suppose t*d - 1172 = -2*d. Is d a composite number?
False
Let w be (8/10)/((-52)/650). Let y(k) = 101*k + 8. Let d be y(w). Let m = d + 1769. Is m composite?
True
Suppose 4*p - 12 = p - 2*n, -4*n = 4*p - 16. Let w(m) be the second derivative of -m**5/20 + 2*m**4/3 - m**3/3 + 3*m**2/2 + 1160*m. Is w(p) prime?
True
Let t = -19311 + 80314. Is t composite?
True
Let m = 52 - 50. Let n be -1 - (m/4)/(2/(-2852)). Suppose -4*g - 716 = -4*z, -4*z + n = -3*g - 2*g. Is z a composite number?
True
Let f be 209*(4 - 3 - 22). Let p = f + 6836. Is p a composite number?
False
Suppose 3*x = -3 - 21. Let v = -3 - x. Suppose 5*z = 4*o + 193, -5*o = -z - v + 52. Is z prime?
True
Let j = 38123 - -15838. Is j a prime number?
False
Let q be (-580)/100 - 6/5. Let k(u) = -u**2 - 9*u + 29. Is k(q) a prime number?
True
Let t be 260834 - -6*(-14)/12. Suppose t = 5*d + 3*i, 2*d - 38543 = -3*i + 65795. Is d composite?
False
Let o(x) be the second derivative of 4*x**3/3 + 15*x**2/2 + 20*x. Let s be o(-15). Let y = 194 + s. Is y a composite number?
False
Suppose -60*y + 1419370 = -50*y. Is y composite?
False
Let t(w) = 1936*w + 6. Let k = -49 - -50. Let f be t(k). Suppose -3*p = -5*p + f. Is p prime?
True
Let a = -33 - -36. Suppose 5*l = -4*c + 9523, 5*l - 3*l - 3800 = a*c. Is l a composite number?
True
Let o(q) be the first derivative of 118*q**3/3 - 14*q**2 + 5*q - 48. Is o(-11) composite?
False
Let a(m) be the second derivative of 347*m**3/6 - m**2 + 2*m - 16. Let y be a(6). Let l = 4085 - y. Is l a prime number?
False
Let k(z) = z**3 - 26*z**2 - 55*z - 28. Let o be k(28). Suppose -208 + 957 = 3*t + 4*v, o = 5*t + 4*v - 1251. Is t a prime number?
True
Suppose 1061*k - 933*k = 32453504. Is k prime?
True
Let x be 6 - (4/8*0 - 0). Is x - (-265 - (4 - 12)) composite?
False
Let b(g) = 3*g**3 + 15*g**2 - 8*g + 17. Let j be b(-5). Is ((-3629)/j)/(1/(-3)) a composite number?
False
Let i(y) = -y**2 - 2*y + 3. Let q be i(0). Suppose 0 = -p + 3*f + 3953 - 723, -9685 = -q*p + 4*f. Is p composite?
True
Suppose 3*u - 9 = 0, -u = -h + 2*u. Let o = h - -81. Is -3 - (5722/(-9) + (-20)/o) composite?
True
Let o = -4064 + 8296. Let v = 6085 - o. Is v a composite number?
True
Let r(j) = 9 + 6 + 3 + 4 - j. Let u be r(20). Suppose u*b - 608 - 174 = 0. Is b a composite number?
True
Let i(a) = a**3 + 6*a**2 - 3*a - 10. Let y be i(-6). Suppose 7*c + 2*r = 5*c + y, 5*c - r = -4. Suppose -5*t + 1784 + 651 = c. Is t a composite number?
False
Let o(g) = -g**3 + 5*g**2 - 2*g + 1. Let k be o(4). Suppose 10*a - 10165 = -k*a. Is a composite?
True
Let c(s) = 980*s**3 + 2*s**2 + 2*s + 1. Let l be c(-1). Let z(q) = -12*q - 62. Let m be z(-11). Let o = m - l. Is o a prime number?
True
Let p(n) = -1314*n**3 + 2*n**2 - n. Let h be p(1). Let o = h + 1845. Let y = o - 314. Is y composite?
True
Let b(a) = a**3 + 11*a**2 + 18*a + 5. Let d be b(-9). Suppose 126 = d*g - 2099. Is g a prime number?
False
Let o(v) = -397*v + 88. Let k be o(-12). Let j = -3159 + k. Is j composite?
False
Let q(v) = -91*v + 329. Let f be (6/(-10) - 1)/(8/40). Is q(f) a composite number?
True
Suppose -2*g = 2*l - 1045828, -108 = 4*g - 96. Is l composite?
True
Suppose -7*u + 335 = -2*u. Let m = 71 - u. Suppose 0 = m*r - 2857 + 789. Is r a prime number?
False
Let q be 2/13 + (-403904)/(-208). Let i = 5213 - q. Is i prime?
True
Suppose -429*p + 22726885 = 85*p - 16508277. Is p